= -4*r - r - 4*s + 15, 0 = -5*s. Let o(g) = -19*g - 2*g**2 + 21*g + 1 + r*g**2 + 2*g**3. What is o(a)?
-2
Let g be 0 - -1 - 0 - -1. Let l be 0 + (g - 3/(-3)). Let i(q) = -2*q. Determine i(l).
-6
Suppose 5*r - 34 - 1 = 0. Let d(t) = -3*t**2 + 3*t**2 - t**3 - 2*t + r*t - 4. What is d(3)?
-16
Let w(d) = d**2 + 7*d + 1. Let k = -15 - -8. Give w(k).
1
Suppose 0 = 5*x - 2*x + 15. Let o(l) = 2*l + 7. What is o(x)?
-3
Let k be 1/((-10)/(-3) + -3). Let p(z) = -2*z - 1 + 0*z**k - 2*z + 6*z - z**3. Let o = 0 - -2. Calculate p(o).
-5
Suppose g - 5 = 0, 6*g - g - 26 = u. Let c = 2 + u. Let k(l) = 5 + l + 8 - 5 - c. Determine k(-5).
2
Let l(a) = -a + 6. Let u(h) = -h + 7. Let z(i) = 5*l(i) - 4*u(i). Suppose 0 = s - 0*s - 9. Suppose 5*r + 6 + s = 0. What is z(r)?
5
Let a(s) = -2*s + 5. Let r(m) = -m + 4. Let v(y) = 5*a(y) - 6*r(y). Suppose 3*d - 2 = 5*d. Let z be v(d). Let g(b) = -2*b + 6. Calculate g(z).
-4
Let w be 8 - 0 - 9/3. Let c be (-5 + w)*2/4. Let u(v) = v - 3. Give u(c).
-3
Let u = -4 - -9. Suppose 4*y + y + h - 25 = 0, 0 = -y + u*h - 21. Let o(g) = g**3 - 4*g**2 - 3*g + 6. Calculate o(y).
-6
Let b = 7 + -5. Let l(r) be the second derivative of 3/2*r**2 - 1/20*r**5 + 0 + 1/4*r**4 - r - 1/2*r**3. Give l(b).
1
Let h(v) = -v - 9. Suppose -r = 3*c + 15, c + 5 = -4*r + 2*r. Give h(r).
-9
Let j(z) = -2*z**2 - 13*z + 15. Let l(d) = -3*d**2 - 19*d + 22. Let k(t) = -7*j(t) + 5*l(t). Give k(-4).
5
Let c(q) be the third derivative of -q**4/24 - 2*q**3/3 + 17*q**2. Give c(-2).
-2
Let q(b) = b**3 - 7*b**2 + b - 9. Let d be q(7). Let z(x) = 5*x + 2. Calculate z(d).
-8
Let n(a) be the third derivative of -a**5/60 - a**4/12 + a**3 + 4*a**2. Let k(p) = -6*p**2 - 11*p + 31. Let s(i) = 2*k(i) - 11*n(i). Calculate s(0).
-4
Let p(r) = r**3 - 6*r**2 + r - 1. Let v be ((-12)/(-14))/((-13)/(-91)). What is p(v)?
5
Let c(u) be the third derivative of u**5/60 + u**4/6 - u**3/3 - 7*u**2. Let b(f) = -2*f + 7. Suppose -4*i + 9 = -11. Let p be b(i). What is c(p)?
-5
Let f(x) be the first derivative of x**4/4 + 5*x**3/3 - 3*x**2 + 7*x + 6. Determine f(-6).
7
Let b = -1 + 3. Suppose b*t = 3*t. Suppose 0 = -t*r - 2*r + 4. Let c(h) = -6*h + 3. Give c(r).
-9
Let j be (56/16)/(2/(-4)). Let s(b) = b**2 + 9*b + 7. What is s(j)?
-7
Let j(v) = -1 - 1 + v + 0*v. Let r(y) = y - 1. Let i(a) = -2*j(a) + 3*r(a). Determine i(4).
5
Let w be 6/(-8) - (-25)/(-4). Let r(v) = v**3 + 3*v**2 + 2*v - 8. Let c(q) = q**3 + 4*q**2 + 2*q - 9. Let f(y) = w*r(y) + 6*c(y). Give f(2).
2
Suppose 3*n = -2*x + 9, 0 = -4*x + n + 2*n + 45. Let m = -6 + x. Let c(f) = -f**3 + f**3 + 2*f - m - 4*f**2 + f**3. What is c(4)?
5
Let u(v) = -v**3 - 5*v**2 + 6. Let c(p) = p**2 - 9*p - 8. Let m be c(10). Suppose -f = -m*f + 45. Let z be (2/3)/((-6)/f). Determine u(z).
6
Let a(p) = 14*p - 27. Let s(b) = 5*b - 9. Let c(h) = 4*a(h) - 11*s(h). Calculate c(7).
-2
Let f(k) = 4*k**3 + 8*k**2 + 5*k - 4. Let t(w) = -3*w**3 - 7*w**2 - 4*w + 4. Let j(n) = -2*f(n) - 3*t(n). Determine j(-3).
8
Let w(j) be the third derivative of j**5/60 - 7*j**4/24 - j**3 + j**2 - 18*j. Calculate w(8).
2
Let s(k) = -2*k + 4*k - 5*k + k**3 + 4*k**2 + 2*k. Determine s(-4).
4
Let s(z) = 103 - 51 + 3*z + 5*z**2 - 53 - 4*z. What is s(-2)?
21
Suppose 0 - 10 = -5*i. Let k(p) = 0*p**2 - 7*p**i - 1 + 2. Suppose 2*m - 2*n = 4, 3*n + 15 = -3*m - n. Determine k(m).
-6
Suppose 3*f - 66 = -0*f. Suppose 0 = 5*w - 7 + f. Let d(q) = -q - 19*q**2 + 33*q**2 - 15*q**2 + 1. Give d(w).
-5
Suppose -h + 4*r + 5 + 15 = 0, 0 = 5*h - 5*r - 25. Let m be 1*(0 - (-1 + 1)). Let w = m + h. Let v(c) = -c**2 + c + 3. What is v(w)?
3
Let n(m) be the second derivative of m**3/6 + m**2/2 + 4*m. Suppose 18 = 7*q - 4*q. Give n(q).
7
Suppose 0 = -2*x - 51 + 45. Let n(m) = 17*m - 2. Let t(f) = 1 + 0 + 6*f - 2. Let h(u) = 3*n(u) - 8*t(u). Determine h(x).
-7
Let b(q) be the third derivative of -q**4/24 + 7*q**3/6 + 36*q**2. Determine b(0).
7
Suppose 2*v - 5 - 1 = 0. Let i(a) = -6*a + 5*a**3 + 2*a + v*a. Calculate i(-1).
-4
Let n(p) be the third derivative of -p**7/5040 + p**6/180 - p**5/60 + 3*p**2. Let m(z) be the third derivative of n(z). Determine m(5).
-1
Suppose 0 = 11*d - 15 + 4. Let p(t) = 10*t**3 + t**2. What is p(d)?
11
Let u(q) = -7*q + 9. Let z(m) = -20*m + 26. Let p(j) = 17*u(j) - 6*z(j). Calculate p(0).
-3
Let n(x) be the first derivative of -x**7/840 + x**6/90 + x**5/60 + 5*x**4/24 - x**3 + 9. Let v(w) be the third derivative of n(w). What is v(5)?
-10
Let l be 176/18 + 6/27. Suppose 5*v = -l, -3*a + 2*v - 7*v + 8 = 0. Suppose -5*p - 4 = a. Let g(u) = u**2 + u - 2. Determine g(p).
0
Let f(p) = 3*p + 8. Suppose -3*y - y - 28 = 0. Give f(y).
-13
Let l(q) = -q**3 + 4. Let h = 8 - 6. Let x be -1*h - 6/(-3). Calculate l(x).
4
Let m be 3/6*(1 + 3). Let n be 1 + (-2 + m)/(-4). Let l(i) = -6*i**3 - 2*i**2 + 1. Determine l(n).
-7
Suppose -5*y + 25 = 0, 5*r - y - 37 = -7. Let l(c) = -c**3 - c + r - 8 + 10 + c**2. Let p = 2 + -2. Determine l(p).
9
Let w(y) = 6 - y**3 - y**2 + y + 0*y**3 + 0*y**2. Suppose -3*a - 40 = -t, -t - 2*a - a = -10. Suppose z + 5*o = 2*z - t, 2*z + 15 = -3*o. Give w(z).
6
Let x be ((-135)/20)/(6/(-16)). Suppose 0*s = 3*s - x. Let k(f) = f - 8. Calculate k(s).
-2
Let x(n) = -n + 5*n**3 - 2*n**3 - 2*n**3 - 4 - n + 3*n**2. Calculate x(-3).
2
Let y(u) = -60*u**2. Let q(n) = 6*n**2. Let c(h) = 21*q(h) + 2*y(h). Suppose -5 = -3*k - 2*k. Determine c(k).
6
Let k(f) be the first derivative of -3*f - 7 + 1/3*f**3 + 5/2*f**2. What is k(-5)?
-3
Let c be (-1 + -2)/((-3)/(-4)). Let t(x) be the first derivative of x - 1/3*x**3 - x**2 + 3. Calculate t(c).
-7
Let x(t) = 7*t - 7. Let a(h) = 8*h - 8. Let f(q) = 6*a(q) - 7*x(q). Give f(-3).
4
Let v(q) be the third derivative of -q**4/24 + 2*q**3/3 + 5*q**2. Calculate v(5).
-1
Let n(u) be the second derivative of -7*u**4/12 + u**3/3 + u**2/2 + u. Suppose -5*j = -1 - 4. Suppose 0 = 4*l - 3*l + j. Determine n(l).
-8
Let n(w) = -w**3 + 29*w**2 + 32*w - 61. Let q be n(30). Let x(t) = -6*t**3 + t. Give x(q).
5
Let p = 3 - -1. Let i(f) = -f**3 + 5*f**2 - 1. Let h be i(5). Let o(n) = -n**2 - n - 1. Let q(a) = -3*a**2 - 5*a - 4. Let z(s) = h*q(s) + p*o(s). What is z(-1)?
-2
Let o(q) = -2*q**3 - q. Let s be o(1). Let n be s/1*8/(-12). Let c(k) = 2*k + k**2 + 2*k**2 - 2*k**n - 3. Give c(-3).
0
Let c(w) = 16*w + 5. Let y(n) = 15*n + 4. Let b(t) = -3*c(t) + 4*y(t). Suppose -5*z + 9 = -4*s, z = 2*s + 5*z - 2. Calculate b(s).
-11
Let w(j) = -5*j**3 + 2*j**2 - j**2 + 3 + 2*j**3 + 2*j**3. Calculate w(0).
3
Let x(o) = o + 9. Suppose -4*y + 3*b + 10 = 0, -4*b + 12 = -y + 2*y. Suppose n + 35 = -y*n. Give x(n).
2
Let x(k) = -k**2 + k - 4. Let w be x(0). Let o = 11 - 5. Let j(f) = 2*f - 2*f - o - f. Determine j(w).
-2
Let o(f) = -f - 1 + 5 - 2 + 0. Determine o(-2).
4
Suppose 31 = 5*s - 44. Suppose a - 3*b = s, -2*b - 2*b = -2*a + 24. Let u(i) = -a*i + 2*i - 2*i + 4*i + 4. Give u(5).
-6
Let i(m) = -7*m**2 + 8*m - 5. Let v(g) = 11*g**2 - 12*g + 8. Let w(k) = -8*i(k) - 5*v(k). Give w(3).
-3
Let u(t) = t**2 - 3*t - 2. Let s be u(4). Let c(b) be the second derivative of 0 + 1/2*b**3 - 1/12*b**4 + 3*b + b**2. Calculate c(s).
4
Let w be (2/4 - 0)/(31/310). Let t(j) = -5 + j**3 + 1 + 8*j - 2*j - 6*j**2. Calculate t(w).
1
Let l be 3/9*(-1 - -16). Suppose r = -0*r - 3*m - 50, 0 = -l*r - m - 320. Let p be (-2)/(-8) - r/(-20). Let s(n) = 2*n - 1. Determine s(p).
-7
Let d be ((-3)/2)/(1/(-2)). Suppose -o - 4*c + 0 = 14, -5*o = c - 6. Let i(u) = -4 + o - 4*u + 4. Calculate i(d).
-10
Let k(y) = -y**2 - 5*y. Let z(m) = m. Let s(h) = -2*k(h) - 11*z(h). Calculate s(2).
6
Let l(v) = -v**3 - 13*v**2 + 15*v + 18. Let n be l(-14). Let z(u) = 6*u + u - 6 - n*u. Give z(4).
6
Let q(j) be the first derivative of -2*j**3/3 - 3*j**2/2 + 4*j + 8. What is q(-4)?
-16
Let k(j) = j. Let b be (-1)/((-2 + 0)/4). Let u(c) = -4*c + 3. Let s(l) = b*u(l) + 6*k(l). Determine s(4).
-2
Let y be (63/(-42))/(3/(-8)). Let z(b) = 8 - 4*b**2 - 3 - 1 + b**3 - 2 - y*b. Determine z(5).
7
Suppose 0 = -2*o + 5 + 1. Suppose 2*q = -2*r, 2*q - 3*q - o*r - 6 = 0. Let l be (1/q)/((-3)/(-27)). Let c(u) = u**2 - 3*u - 1. Give c(l).
-1
Let p(o) = -3*o**3 - 7*o**2 + 10*o + 9. Let g(z) = -z**3 - 4*z**2 + 5*z + 4. Let q = 13 - 8. Let v be -1 + 3 - 4 - 0. Let d(m) = q*g(m) + v*p(m). What is d(5)?
2
Suppose 24 = 3*y + y.